 c(a) = 2*a**2 + 2. Suppose 1 - 10 = 3*s + p, -p = -5*s - 7. Determine c(s).
10
Let y = 42 - 41. Let f(g) = 2*g + 1. Give f(y).
3
Let s(o) be the second derivative of o**3/6 + o. Determine s(1).
1
Let l(u) = u**2 - 6*u + 6. Let o(g) = g**3 - 20*g**2 - 21*g + 5. Let j be o(21). Calculate l(j).
1
Let s(h) = -h**2 + 2. Let j(z) = z**3 + 4*z**2 - 7*z - 8. Let o be j(-5). Calculate s(o).
-2
Let l(o) = o**2 + 6*o - 7. Suppose -h + 12 = -3*h. What is l(h)?
-7
Suppose -2*i = 3*i - 120. Let x be ((-6)/(-4))/(9/i). Suppose 9 = -d + x*d. Let v(h) = h - 2. Determine v(d).
1
Let y = 2 + -8. Let p(a) = -a - 1. Let r(l) = -l - 6. Let m be r(-5). Let x(s) = 9*s + 9. Let n(z) = m*x(z) + y*p(z). Determine n(-4).
9
Let h(m) = m - 3. Suppose r - 3*c = 4, -2*r - 5*c + 20 = 3*r. Give h(r).
1
Suppose 0*i = 4*i - 40. Let k be (-16)/6*6/(-4). Let f = k - i. Let s(t) = -t - 6. What is s(f)?
0
Let k(y) = 11*y**3 - 3*y**2 + 7*y - 1. Let d(l) = 5*l**3 - l**2 + 3*l. Let a(r) = 13*d(r) - 6*k(r). Give a(5).
-9
Suppose 4*y = 4*s - 2*s - 18, 2*s - 3*y - 15 = 0. Let l(t) be the first derivative of -3*t + 2 + t**s + 3*t**2 - 1/4*t**4. What is l(4)?
5
Suppose 0 = -2*w + w - 2. Suppose -3*g - 3*o = 2*o - 35, 0 = g - 5*o + 15. Let y(i) = g*i + 1 + i - 5*i + i**3. Calculate y(w).
-9
Let z(k) = -k - 4. Let l = 10 + -18. Let c = -3 + 7. Let t = l + c. What is z(t)?
0
Let m(h) be the first derivative of -3/2*h**2 + h + 5/12*h**4 + 1/20*h**5 - 3 + 1/2*h**3. Let p(l) be the first derivative of m(l). Calculate p(-3).
6
Let w(j) = j**3 + 8*j**2 - 8*j + 12. Let i be w(-9). Let f(v) = v + 0*v - 1 + 6*v**i + 2. Determine f(-1).
-6
Let r(h) be the second derivative of 7/6*h**3 + 9/2*h**2 + 0 + 1/12*h**4 + 4*h. Determine r(-6).
3
Let f = -1 + 1. Suppose f*i - 5*i = 0. Let h(s) = -s - 3. Give h(i).
-3
Let i(d) = -6 - 2*d**2 - d + 3*d**2 - 6*d. Let p be i(8). Let n(z) = -2*z**2 - z**3 + 4*z**p + 5 - 3. Give n(2).
2
Let r(j) be the third derivative of -j**6/120 + j**5/60 - j**3/3 + j**2. Let m(d) = -d**3 + 5*d**2 - 4*d. Let s be m(4). Determine r(s).
-2
Let i(q) = 6*q - 5. Let r(k) = -5*k + 6. Let c(y) = 4*i(y) + 5*r(y). Let j be c(5). Let n(m) = -m**2 + 5*m - 4. What is n(j)?
-4
Let u(i) = -3*i**3 + 3*i**2 + 3*i + 4. Let f(l) = l**2 + l + 1. Let a(h) = 4*f(h) - u(h). Determine a(-1).
-3
Let z(u) = u - 10. Let s(d) = -3*d + 29. Let n(m) = 3*s(m) + 8*z(m). Give n(8).
-1
Let o(z) = -7*z**2 - 3*z + 11. Let d(a) = -3*a**2 - 2*a + 5. Let m(j) = 5*d(j) - 2*o(j). Suppose g = 2*c + 5, 5*c + 2 = 3*g - 8. What is m(g)?
-2
Suppose -7*i + 6*i = 0. Let b(o) = -2*o**2 - 5 + 9 + 3*o**2. Calculate b(i).
4
Let l = 11 + -7. Let t(q) = l - 2 + q + 1 - 4. Determine t(5).
4
Let p(x) = -3 + 0*x + 0 + 2*x + x. Let a(y) = 2*y - 4. Let m(h) = -4*a(h) + 3*p(h). What is m(5)?
12
Let z(f) = -14 - 12*f + 13 + 14*f. What is z(2)?
3
Let g = 6 + 4. Let m be 32/20*g/4. Let x(l) = -l**2 + 2*l + 4. Calculate x(m).
-4
Let w(b) = b - 1 + 0 - 1. Let q = 11 - 8. Let j = 8 - q. Calculate w(j).
3
Let m(h) be the first derivative of -h**3/3 + 6*h - 7. Determine m(0).
6
Let a(t) = t - 6. Let c(y) = -1. Let h(x) = a(x) - 2*c(x). Let n be 8/10*(-30)/(-4). Calculate h(n).
2
Let z(x) = 3*x**3 - 4*x**2 + x + 4. Let s(q) = -8*q**3 + 11*q**2 - 3*q - 11. Let h(o) = -4*s(o) - 11*z(o). Give h(1).
0
Suppose 3*o - o = 8. Let w(j) = 3*j - 5*j**2 + 12 + 0*j + 4*j**2 - 8. What is w(o)?
0
Let t(q) = -366*q + 186*q + q**2 + 187*q - 6. What is t(-8)?
2
Suppose -4*w + 0 = -4. Let v(q) = -q**2 + q. Give v(w).
0
Suppose -4*k = -7*k. Suppose 0*w - 2*w - 8 = k. Let s(r) = r**3 + 4*r**2 + r + 2. Give s(w).
-2
Let i(m) be the second derivative of -m**5/15 - m**4/24 + m**3/6 + 3*m**2/2 + 2*m. Let q(b) be the first derivative of i(b). Determine q(1).
-4
Let a(s) be the third derivative of 1/24*s**4 + 0*s + s**2 + 0 + 2/3*s**3. What is a(-5)?
-1
Let j(g) be the third derivative of -7*g**4/24 + g**3/6 - g**2. Suppose u - 16 = 3*i, -i = u + u - 4. Let r = u + -3. Give j(r).
-6
Let i(q) = q**2 + 5*q. Let n = -2 + 6. Let f(s) = 5*s - 3. Let w be f(n). Suppose 0 = -4*v + 5*z - w, -4*z + 2*z = -3*v - 11. Determine i(v).
-6
Suppose -3*f = -6, 5*n - f + 9 = 32. Let b(o) = o**3 - 4*o**2 - o - 7. What is b(n)?
13
Let c(m) = -3*m**2 + 11*m - 9. Let p(k) = -k**2 + 5*k - 4. Let n(w) = 3*c(w) - 7*p(w). Let x = -28 - -43. Suppose 5*l + x = -i, -10 = 2*i - 0*i. Give n(l).
-3
Suppose -3*n - 2*n = 0. Let a(q) = 5*q. Let o(k) = -4*k - 1. Let r be (-4)/(-6)*(-12 + 3). Let i(u) = r*o(u) - 5*a(u). Give i(n).
6
Suppose 5*h - 49 = -14. Suppose -3*r - 1 = -h. Let w(v) = 0*v + 3 + 2 - 6 - r*v. What is w(4)?
-9
Suppose -g = -4*x + 4 - 0, 5*x + 2 = 3*g. Let k = g - 9. Let i(b) = -2*b**2 - 3*b - 5. Let a(q) = 3*q**2 + 5*q + 8. Let c(w) = k*a(w) - 8*i(w). Give c(1).
0
Let q(p) = -3*p + 48. Let h be q(17). Let k(y) = -4*y**3 + 4*y**2 + 4*y + 5. Let j(v) = -5*v**3 + 4*v**2 + 4*v + 6. Let i(r) = 5*j(r) - 6*k(r). Determine i(h).
3
Let o(y) = -2*y**2 + 2*y + 1. Let s(l) = -l**2 - 2. Let f(g) = -o(g) - s(g). Give f(3).
22
Let a(q) = -2*q**3 - 2*q**2 + 7*q - 5. Let z(o) = 3*o**3 + o**2 - 8*o + 6. Let v(f) = 4*a(f) + 3*z(f). What is v(4)?
-2
Let m(s) = s**2 - s + 1. Let w = 41 + -39. Calculate m(w).
3
Let j(a) = 3*a + 1. Let r be (0 + 4 + -1)/1. Suppose r*p - 1 = 2. What is j(p)?
4
Let w be 0*(1 - (-3)/(-6)). Let p(s) = s - 5. Let y be p(8). Let v(n) = 4 - 3*n**2 - n - y + 2*n**2 + 1. Calculate v(w).
2
Let s(k) = -k**2 + 15. Let w be s(-4). Let y(n) = -7*n - 1. Determine y(w).
6
Let j(q) = -3 - 7 + 6 + 2*q. Calculate j(3).
2
Suppose 0 = 2*k - 4*k. Suppose k*a + 4*a = 16. Let c(n) = -2*n**2 + 5*n + 1. What is c(a)?
-11
Let x(a) = -5*a + 1. Let u be x(-1). Let m(z) be the first derivative of z**4/4 - 5*z**3/3 - 3*z**2 - 5*z + 16. Calculate m(u).
-5
Suppose 0 = 3*l + 5 - 23. Let r be (8/l)/((-2)/6). Let z(j) = j**3 + 4*j**2 - j + 2. Give z(r).
6
Let b(r) = -r**3 + 7*r**2 - 8*r + 4. Let p be b(6). Let c(y) = -y - 8. Give c(p).
0
Let r = -4 + 3. Let i be (1 - -1) + 3/r. Let t(o) = -4*o - 1. Give t(i).
3
Suppose -4*q + 5 + 15 = -4*a, -3*a = q + 23. Let j(k) = -k**2 - 5*k + 6. Determine j(a).
-8
Let a(n) = n**2 + n - 3. Let l be -2 + 1/1 + -2. Calculate a(l).
3
Let k be 18/63 + 141/21. Let y(s) = -s**3 + 7*s**2 - 5. Calculate y(k).
-5
Let y(o) be the third derivative of -o**5/60 + o**4/24 + o**3/3 + 10*o**2. Determine y(2).
0
Let g(h) = -h**2 - 5*h + 2. Let c be g(-5). Let s(l) = -3*l + 5*l**2 + 1 - 5*l**c + l**3. Let x be s(2). Let p(o) = -o + 7. Calculate p(x).
4
Let n(q) = 5 + 0 - q**2 - 7*q - 6 - 4. Determine n(-4).
7
Let h(m) = 2*m**2 + m. Let z be h(0). Suppose 0 = -4*c + c + 24. Let p(l) = -c - 2*l + l + 3. What is p(z)?
-5
Suppose 4*z = 3*r + 8, 5*z - 21 = -0*z + r. Suppose 4*u = -3*s - 0 - 7, u + 6 = -z*s. Let n(h) be the third derivative of h**4/12 - h**3/6 - h**2. What is n(s)?
-3
Let w(q) = -q + 4. Let c = -2 - -8. Calculate w(c).
-2
Let o(b) = -b**2. Let h be 1*12*3/6. Suppose -j - h = j. What is o(j)?
-9
Let z(p) = -p - 7. Let u be (-3)/(-5)*(6 + -1). Suppose 6*t - 3*t - 15 = 0. Let k be t/(-2) - u/6. Determine z(k).
-4
Let n(x) = -13*x + 5*x + 0 + 3 + 5*x. Let q = -8 + 11. Calculate n(q).
-6
Suppose 11 - 1 = 2*k. Let f(n) = -6 + 2*n + 0*n - k*n - n**3 + 6*n**2. Give f(5).
4
Let s(a) = -65*a - 56*a + 8*a**2 + 120*a - 1. Give s(-1).
8
Let g(c) = -4*c + 2*c - 3*c + 4*c + 5. Give g(6).
-1
Let r(m) = 3*m - 2 + 6*m**3 - 3*m**3 - 2*m**3 - 2*m - 8*m**2. Give r(8).
6
Let b = 4 - 2. Let x(n) = -b + 3*n + 6 - 2 - 5*n. Determine x(3).
-4
Let b = -1 + 3. Let r(a) be the third derivative of -a**6/120 + a**5/60 - a**4/24 - a**3/6 - 2*a**2. Give r(b).
-7
Let q(k) = -3*k**2 - 2*k + 1. Let g(s) = -s**3 - s + 4. Let n be g(0). Suppose -n*d + d = 6. Calculate q(d).
-7
Let v(c) = -7*c - c**3 + 9*c**2 + 5*c - 11*c**2. Give v(-2).
4
Let i(n) = -n**3 + 4*n**2 + 7*n - 4. Let o(k) = -k - 5. Let j be o(0). Let g = 10 + j. Suppose c - g*c + 32 = -4*r, c + 5*r + 10 = 0. Determine i(c).
6
Let h(q) be the first derivative of q**2/2 - 3*q - 4. Determine h(-4).
-7
Let o(a) = 3*a. Let h(v) = -v + 1. Let f(l) = -4*h(l) - 2*o(l). Suppose -3*u = -0*u - 12. Calculate f(u).
-12
Suppose -51 = 4*u - 15. Let j(v) = v**2 + 9*v + 5. Determine j(u).
5
Let k(r) = -2*r**2 - r + 1. Let g be k(-2). Let q(h) = -h**2 - 6*h + 5. Give q(g).
10